inder when 1888 is divided by 15?
13
What is the remainder when 144 is divided by 37?
33
Calculate the remainder when 843 is divided by 79.
53
Calculate the remainder when 2177 is divided by 115.
107
Calculate the remainder when 2579 is divided by 12.
11
What is the remainder when 35 is divided by 14?
7
Calculate the remainder when 87 is divided by 60.
27
What is the remainder when 326 is divided by 109?
108
What is the remainder when 87 is divided by 41?
5
What is the remainder when 2 is divided by 2?
0
Calculate the remainder when 397 is divided by 31.
25
Calculate the remainder when 353 is divided by 40.
33
What is the remainder when 118 is divided by 11?
8
Calculate the remainder when 3679 is divided by 27.
7
Calculate the remainder when 156 is divided by 109.
47
Calculate the remainder when 1069 is divided by 7.
5
What is the remainder when 535 is divided by 45?
40
Calculate the remainder when 743 is divided by 379.
364
What is the remainder when 3759 is divided by 19?
16
What is the remainder when 34845 is divided by 11?
8
Calculate the remainder when 81 is divided by 14.
11
Calculate the remainder when 430 is divided by 26.
14
What is the remainder when 106 is divided by 59?
47
What is the remainder when 782 is divided by 282?
218
What is the remainder when 104 is divided by 45?
14
What is the remainder when 4301 is divided by 41?
37
Calculate the remainder when 90 is divided by 31.
28
Calculate the remainder when 44 is divided by 24.
20
Calculate the remainder when 57 is divided by 10.
7
What is the remainder when 939 is divided by 130?
29
Calculate the remainder when 112 is divided by 65.
47
Calculate the remainder when 72 is divided by 26.
20
What is the remainder when 537 is divided by 337?
200
What is the remainder when 915 is divided by 4?
3
What is the remainder when 503 is divided by 46?
43
Calculate the remainder when 344 is divided by 175.
169
What is the remainder when 1880 is divided by 82?
76
Calculate the remainder when 853 is divided by 4.
1
Calculate the remainder when 2321 is divided by 54.
53
What is the remainder when 83 is divided by 21?
20
Calculate the remainder when 101 is divided by 67.
34
Calculate the remainder when 103 is divided by 20.
3
Calculate the remainder when 180 is divided by 61.
58
Calculate the remainder when 7930 is divided by 248.
242
Calculate the remainder when 441 is divided by 213.
15
What is the remainder when 71 is divided by 33?
5
Calculate the remainder when 87634 is divided by 257.
254
What is the remainder when 8647 is divided by 28?
23
What is the remainder when 176 is divided by 128?
48
Calculate the remainder when 478 is divided by 48.
46
What is the remainder when 4987 is divided by 172?
171
What is the remainder when 874 is divided by 154?
104
Calculate the remainder when 2797 is divided by 80.
77
What is the remainder when 127 is divided by 24?
7
Calculate the remainder when 1541 is divided by 708.
125
Calculate the remainder when 398 is divided by 99.
2
Calculate the remainder when 5696 is divided by 68.
52
What is the remainder when 234 is divided by 132?
102
Calculate the remainder when 9935 is divided by 138.
137
Calculate the remainder when 32 is divided by 28.
4
Calculate the remainder when 118 is divided by 20.
18
What is the remainder when 298 is divided by 120?
58
Calculate the remainder when 406 is divided by 51.
49
What is the remainder when 696 is divided by 14?
10
What is the remainder when 2469 is divided by 10?
9
Calculate the remainder when 602 is divided by 64.
26
Calculate the remainder when 718 is divided by 24.
22
Calculate the remainder when 219 is divided by 13.
11
What is the remainder when 1489 is divided by 330?
169
What is the remainder when 162 is divided by 55?
52
Calculate the remainder when 462 is divided by 120.
102
Calculate the remainder when 269 is divided by 9.
8
What is the remainder when 4795 is divided by 9?
7
Calculate the remainder when 418 is divided by 10.
8
Calculate the remainder when 465 is divided by 59.
52
What is the remainder when 1161 is divided by 64?
9
Calculate the remainder when 1231 is divided by 155.
146
Calculate the remainder when 219 is divided by 32.
27
What is the remainder when 1002 is divided by 36?
30
What is the remainder when 1932 is divided by 9?
6
Calculate the remainder when 3848 is divided by 19.
10
Calculate the remainder when 711 is divided by 95.
46
Calculate the remainder when 258 is divided by 62.
10
What is the remainder when 150 is divided by 20?
10
What is the remainder when 386 is divided by 98?
92
Calculate the remainder when 2225 is divided by 2.
1
What is the remainder when 491 is divided by 17?
15
Calculate the remainder when 263 is divided by 69.
56
Calculate the remainder when 175 is divided by 30.
25
What is the remainder when 1222 is divided by 8?
6
What is the remainder when 1963 is divided by 385?
38
What is the remainder when 6202 is divided by 47?
45
Calculate the remainder when 673 is divided by 52.
49
Calculate the remainder when 1166 is divided by 19.
7
Calculate the remainder when 147 is divided by 142.
5
What is the remainder when 405 is divided by 142?
121
Calculate the remainder when 578 is divided by 109.
33
What is the remainder when 24 is divided by 3?
0
What is the remainder when 118 is divided by 46?
26
Calculate the remainder when 185 is divided by 11.
9
What is the remainder when 628 is divided by 31?
8
Calculate the remainder when 8176 is divided by 141.
139
Calculate the remainder when 36 is divided by 20.
16
What is the remainder when 960 is divided by 33?
3
What is the remainder when 457 is divided by 165?
127
What is the remainder when 1342 is divided by 96?
94
Calculate the remainder when 379 is divided by 78.
67
What is the remainder when 214 is divided by 7?
4
Calculate the remainder when 139 is divided by 30.
19
What is the remainder when 77 is divided by 33?
11
Calculate the remainder when 962 is divided by 120.
2
What is the remainder when 2859 is divided by 191?
185
Calculate the remainder when 32 is divided by 10.
2
What is the remainder when 3804 is divided by 81?
78
Calculate the remainder when 29 is divided by 14.
1
Calculate the remainder when 52 is divided by 38.
14
Calculate the remainder when 19 is divided by 10.
9
What is the remainder when 228 is divided by 17?
7
What is the remainder when 1134 is divided by 67?
62
What is the remainder when 6521 is divided by 29?
25
Calculate the remainder when 279 is divided by 9.
0
Calculate the remainder when 2100 is divided by 235.
220
What is the remainder when 110 is divided by 33?
11
Calculate the remainder when 1076 is divided by 521.
34
What is the remainder when 2592 is divided by 7?
2
What is the remainder when 225 is divided by 76?
73
What is the remainder when 1415 is divided by 177?
176
What is the remainder when 5062 is divided by 83?
82
What is the remainder when 1436 is divided by 139?
46
Calculate the remainder when 1569 is divided by 2.
1
Calculate the remainder when 117 is divided by 15.
12
What is the remainder when 281 is divided by 91?
8
Calculate the remainder when 2356 is divided by 139.
132
What is the remainder when 3591 is divided by 1790?
11
What is the remainder when 303 is divided by 47?
21
Calculate the remainder when 886 is divided by 123.
25
Calculate the remainder when 2310 is divided by 212.
190
Calculate the remainder when 669 is divided by 28.
25
What is the remainder when 1277 is divided by 20?
17
Calculate the remainder when 265 is divided by 259.
6
What is the remainder when 146 is divided by 67?
12
What is the remainder when 798 is divided by 156?
18
What is the remainder when 171 is divided by 55?
6
Calculate the remainder when 414 is divided by 22.
18
What is the remainder when 1158 is divided by 20?
18
What is the remainder when 151 is divided by 39?
34
Calculate the remainder when 86 is divided by 58.
28
Calculate the remainder when 15398 is divided by 35.
33
Calculate the remainder when 144 is divided by 76.
68
What is the remainder when 283 is divided by 41?
37
What is the remainder when 100 is divided by 58?
42
What is the remainder when 247 is divided by 84?
79
Calculate the remainder when 6334 is divided by 64.
62
What is the remainder when 409 is divided by 188?
33
C